4*b - 1. Let o be n(3). Let v = 7 + o. What is the remainder when 4 is divided by v?
1
Let p be 81 + 3 + 3 + -1. Let b = p + -49. What is the remainder when b is divided by 13?
11
Let g = 2 + -2. Suppose y - p - 55 = g, -2*y + p + 102 = -6. Calculate the remainder when y is divided by 2 + 8*(0 + 2).
17
Let x(a) = a + 32. Let i(f) = 23*f - 4. Let o(g) = 22*g - 3. Let l(t) = 4*i(t) - 5*o(t). Calculate the remainder when l(-2) is divided by x(-20).
11
Let g(f) = f**2 + 8*f - 14. Suppose -2*l = 3*m + 23, 6*m + 24 = 2*m - 4*l. What is the remainder when 73 is divided by g(m)?
16
Suppose 2*x - x = 3*u + 23, 0 = 4*x + 4*u - 12. What is the remainder when 12 is divided by x?
4
Let o(i) = i**2 + 33*i + 42. Suppose 46 = a - 5*w + 3*w, 5*w = a - 58. What is the remainder when a is divided by o(-32)?
8
Suppose -2*i + 5*i = 195. Let j = i + -43. Suppose u + 4*b + 20 = 2*u, 2*u - b = 26. Calculate the remainder when j is divided by u.
10
Let v = 0 + 3. Calculate the remainder when 31 is divided by (-4 + 1)*(-16)/v.
15
Let v be (1 - -1) + -6*39. Calculate the remainder when 3 + v/(-4) + 0 is divided by 16.
13
Suppose 4*x - 133 = -41. Calculate the remainder when x is divided by 6.
5
Suppose -2*n + 4*n = 4. Suppose -n*z + 4*z + 60 = 0. Calculate the remainder when 8 is divided by ((-2)/(-6))/((-2)/z).
3
Suppose -3*k + 5*x = -18, -3*k + 5*x = 2*x - 24. What is the remainder when 34 is divided by 196/k + (-18)/(-99)?
16
Suppose 0*w - 4*w = -64. Calculate the remainder when 19 is divided by w.
3
Let g(c) = -c**2 - 6*c - 6. Suppose -5*m - 9 = 11. What is the remainder when 3 is divided by g(m)?
1
Let g(p) = -p**3 + 8*p**2 - 8*p + 10. Let z be (32/(-10))/(2/(-10)). Calculate the remainder when g(7) is divided by z/7 + (-4)/14.
1
Suppose -3*m = -r - 95, 7*r = -2*m + 2*r + 52. Calculate the remainder when m is divided by 17.
14
Suppose -3*k + 164 = -k. Suppose -3*o - 606 = -429. Let u = k + o. What is the remainder when 44 is divided by u?
21
Suppose -40*f = -27*f - 546. Calculate the remainder when f is divided by (2 + -3)/((-2)/30).
12
Let l(s) = s**3 - 5*s**2 + 5*s + 5. Let h be l(5). Suppose 0 = 3*r + 2*a - 23, -a + h = 5*r + 1. Calculate the remainder when 14 is divided by r.
4
Suppose 3*x - 136 = -5*o, 4*o + x - 23 = 83. Let l = o + -13. Calculate the remainder when 49 is divided by l.
10
Suppose 2*q + 2*q = -5*i + 63, -33 = -2*q - i. What is the remainder when 66 is divided by q?
15
Let w = 5 + -14. Let a = 23 + w. Calculate the remainder when 0 + (27 - (0 + 0)) is divided by a.
13
Suppose 5 = v - 0. Suppose -4*j - v*z = 2, -2*j = -z - 3*z - 12. Suppose 49 + j = 3*b. Calculate the remainder when 32 is divided by b.
15
Let l(r) = 13*r + 2. Suppose 3 + 0 = 3*m. Suppose -2*o + k - 2 = -m, 3*k = -4*o + 23. What is the remainder when l(o) is divided by 10?
8
Suppose 9*m - 11 = 88. What is the remainder when 53 is divided by m?
9
Suppose 0*c + c - 3 = 0. Suppose d - 42 = 4*z, 2*d + c*d - 122 = -2*z. What is the remainder when d is divided by 45/((-9)/(-3)) - 1?
12
Let k = 67 - 37. Let y = k - 3. Calculate the remainder when y is divided by 14.
13
Let p = 13 + -7. Suppose p*t - 3*t = 9. Calculate the remainder when (-34)/(-8) - 2/8 is divided by t.
1
Let x = -6 + 7. Calculate the remainder when 14 + (-1)/(-2 + x) is divided by 6.
3
Let u = -24 - -61. What is the remainder when 184 is divided by u?
36
Suppose 1 = -3*r + 55. Let j(a) = -6*a - 2. Calculate the remainder when r is divided by j(-2).
8
Suppose n = -5*q - 3, 4*q = 4*n - 61 - 23. What is the remainder when n is divided by 0 + 3 + 4 + -3 + 5?
8
Let v(r) = -r**2 - 10*r + 6. What is the remainder when 103 is divided by v(-9)?
13
Let u = -3 + 23. Suppose 1 = j - 2. Suppose 2*v - 35 = -j*v. What is the remainder when u is divided by v?
6
Let d be 3/12 - (-2)/(-8). Let g = -22 - d. Let s = -8 - g. What is the remainder when 40 is divided by s?
12
Let o = -20 - -56. What is the remainder when 321 is divided by o?
33
Suppose s - 5*m + 9 = 0, m = 3*s - 2 + 1. Suppose 40 = u - 4*k, 136 = 5*u - 2*k - 28. What is the remainder when u is divided by 16 - (1 - 2)/s?
15
Let o(l) = -2*l**3 - 4*l**2 - l + 2. What is the remainder when 17 is divided by o(-2)?
1
Let n(d) = 4*d**2 + 4*d. Let s be n(3). Suppose 5*b - s - 12 = 0. Calculate the remainder when 23 is divided by b.
11
Suppose 0 = -n + 7*n - 60. Calculate the remainder when 87 is divided by n.
7
Suppose -1 = 6*j - 139. What is the remainder when 64 is divided by j?
18
Suppose 8 = h - 3*h, 0 = -2*w + 5*h + 40. What is the remainder when w is divided by 3 - 1 - 8/(-2)?
4
Let i(g) = -4*g + 7. What is the remainder when 73 is divided by i(-3)?
16
Suppose -2*n = n. Let q be (0 - -1)*n + 6. Suppose 2*z = 2 + q. What is the remainder when z is divided by 3?
1
Let m be (8*(-1)/(-2))/(-2). What is the remainder when (m - 0) + 0 - -31 is divided by 10?
9
Let z(y) = 4*y. Let d(u) = u**2 - 2. What is the remainder when d(-4) is divided by z(2)?
6
Suppose 4*g - 3*v = 111, -5*v - 9 = -g + 6. Let o = g + 1. What is the remainder when o is divided by 16?
15
Let p(g) = g**2 + 12*g - 42. Let m = -21 - -38. Calculate the remainder when p(-18) is divided by m.
15
Let j = -22 - -34. Calculate the remainder when 1/3 - 104/(-3) is divided by j.
11
Let d = 26 - 16. What is the remainder when d is divided by (0 - -6)*2/4?
1
Let f = 22 - 10. Suppose 4 + f = 2*q. Suppose 5*u + 5*g = 150, -4*g - 8 = q. Calculate the remainder when u is divided by 12.
10
Suppose 5*j + 0*u = 2*u - 14, 0 = -2*u + 4. Let c be 0*(3/j + 1). Suppose v - 5*d - 13 - 13 = 0, c = v + d - 26. What is the remainder when v is divided by 14?
12
Suppose 2*u = 2*w - 4*w - 4, 2*u - 4*w - 26 = 0. Suppose 0*h - 25 = -5*h - 5*x, x - 3 = 0. Calculate the remainder when u is divided by h.
1
Calculate the remainder when (-381)/2*(-4)/6 is divided by 43.
41
Suppose 6 - 70 = -4*k. What is the remainder when k is divided by 9?
7
Suppose 5*y = -3*k + 18, -2*y = 2*y + 12. Suppose -1 = r - 7. Calculate the remainder when 15 + r - 2/2 is divided by k.
9
Suppose -s + 114 = -2*q, 4*q = -0*s - 2*s + 244. Calculate the remainder when s is divided by 30.
28
Calculate the remainder when 23 is divided by -4*(-5 + 4) - -1.
3
Let p(i) = i**2 + 4. Let j(y) = y. Let t be j(-3). Suppose 161 = 4*q + 17. What is the remainder when q is divided by p(t)?
10
Suppose -7*q + 32 = -17. Calculate the remainder when 55 is divided by q.
6
Suppose 145 + 105 = 5*j. Suppose 4*g - 200 = -2*n - 0*n, -4*n = g - j. Calculate the remainder when g is divided by 26.
24
Let b(k) = k**2 + 8*k + 7. Let j be b(-8). Let x = 10 - j. What is the remainder when (-20)/(-6) - 2/(-3) is divided by x?
1
Let y = 71 - 21. Calculate the remainder when y is divided by 13.
11
Let b(i) = -i**2 + 9*i - 1. Suppose c - 19 = -4*q, 4*c - 4*q - 19 = -q. What is the remainder when 50 is divided by b(c)?
11
Let w(h) be the second derivative of 4*h**3/3 - h**2 + h. Let z = 4 + 8. What is the remainder when w(3) is divided by z?
10
Suppose -4*b = -3*c, -b = -0*c - 4*c. Let w(k) be the first derivative of k**2/2 + 13*k - 1. Calculate the remainder when 38 is divided by w(c).
12
Suppose 16 = -x + 3*u - u, -2 = -u. Calculate the remainder when ((-1)/2)/1*x is divided by 2.
0
Suppose -2*h = -109 - 53. What is the remainder when h is divided by 21?
18
Let k(f) = 2*f + 7. Calculate the remainder when 29 is divided by k(4).
14
Let w = 59 + -33. What is the remainder when w is divided by 14?
12
Let c = -3 + 7. Let p = c + -1. Calculate the remainder when 5 is divided by p.
2
Suppose -y = -r - 3, 3*r - 2 + 17 = 5*y. Suppose c - 2*x - 24 = r, 0 = 4*c - 0*c + x - 96. Let h = 63 - 50. What is the remainder when c is divided by h?
11
Suppose 0*p - 2*p = -6, l - 39 = -3*p. Calculate the remainder when l is divided by 11.
8
Suppose 3*t - 2 - 46 = 0. Calculate the remainder when 31 is divided by t.
15
What is the remainder when 25 is divided by (84/(-70))/((-2)/15)?
7
Let i = 16 - 8. Let s(u) = -u**2 + 10*u + 6. Calculate the remainder when s(i) is divided by 8.
6
What is the remainder when 1*(-4)/(-22) + (-2440)/(-11) is divided by 16?
14
Let h = 10 + -3. Let c(t) = -t**3 + 9*t**2 - 10*t + 5. What is the remainder when c(h) is divided by 9?
6
Suppose 9*l = 5*l + 72. Let g(a) = a**3 - 9*a**2 + 2*a - 11. Let h(y) 